
What is the remainder when 109 is divided by 3?
1
What is the remainder when 51 is divided by 19?
13
What is the remainder when 102 is divided by 8?
6
Calculate the remainder when 590 is divided by 210.
170
Calculate the remainder when 52 is divided by 48.
4
What is the remainder when 35 is divided by 31?
4
What is the remainder when 233 is divided by 10?
3
Calculate the remainder when 31 is divided by 9.
4
Calculate the remainder when 215 is divided by 52.
7
What is the remainder when 80 is divided by 15?
5
What is the remainder when 98 is divided by 34?
30
Calculate the remainder when 505 is divided by 102.
97
Calculate the remainder when 402 is divided by 110.
72
What is the remainder when 1944 is divided by 193?
14
Calculate the remainder when 479 is divided by 18.
11
What is the remainder when 97 is divided by 15?
7
Calculate the remainder when 12 is divided by 5.
2
What is the remainder when 12 is divided by 3?
0
Calculate the remainder when 1239 is divided by 213.
174
Calculate the remainder when 2651 is divided by 45.
41
Calculate the remainder when 288 is divided by 49.
43
What is the remainder when 1309 is divided by 41?
38
Calculate the remainder when 5946 is divided by 119.
115
What is the remainder when 4056 is divided by 99?
96
What is the remainder when 303 is divided by 104?
95
What is the remainder when 1019 is divided by 40?
19
What is the remainder when 1165 is divided by 295?
280
Calculate the remainder when 60 is divided by 17.
9
Calculate the remainder when 263 is divided by 67.
62
What is the remainder when 1759 is divided by 585?
4
Calculate the remainder when 209 is divided by 27.
20
What is the remainder when 295 is divided by 37?
36
What is the remainder when 702 is divided by 71?
63
What is the remainder when 70 is divided by 30?
10
Calculate the remainder when 276 is divided by 47.
41
Calculate the remainder when 284 is divided by 34.
12
What is the remainder when 62 is divided by 26?
10
What is the remainder when 2471 is divided by 206?
205
What is the remainder when 31 is divided by 14?
3
What is the remainder when 25 is divided by 4?
1
What is the remainder when 280 is divided by 66?
16
Calculate the remainder when 3638 is divided by 104.
102
Calculate the remainder when 89 is divided by 6.
5
What is the remainder when 358 is divided by 121?
116
What is the remainder when 885 is divided by 24?
21
Calculate the remainder when 126 is divided by 4.
2
What is the remainder when 237 is divided by 34?
33
What is the remainder when 77 is divided by 65?
12
What is the remainder when 258 is divided by 37?
36
What is the remainder when 399 is divided by 130?
9
Calculate the remainder when 175 is divided by 30.
25
What is the remainder when 63 is divided by 21?
0
What is the remainder when 916 is divided by 227?
8
What is the remainder when 437 is divided by 13?
8
What is the remainder when 30 is divided by 8?
6
Calculate the remainder when 490 is divided by 82.
80
What is the remainder when 148 is divided by 15?
13
What is the remainder when 1417 is divided by 242?
207
Calculate the remainder when 1186 is divided by 44.
42
What is the remainder when 136 is divided by 56?
24
Calculate the remainder when 202 is divided by 37.
17
What is the remainder when 466 is divided by 114?
10
Calculate the remainder when 123 is divided by 110.
13
What is the remainder when 82 is divided by 32?
18
Calculate the remainder when 102 is divided by 28.
18
Calculate the remainder when 174 is divided by 60.
54
What is the remainder when 689 is divided by 30?
29
What is the remainder when 2390 is divided by 134?
112
What is the remainder when 325 is divided by 69?
49
What is the remainder when 268 is divided by 88?
4
Calculate the remainder when 395 is divided by 101.
92
Calculate the remainder when 240 is divided by 127.
113
What is the remainder when 376 is divided by 209?
167
What is the remainder when 91 is divided by 19?
15
Calculate the remainder when 169 is divided by 62.
45
Calculate the remainder when 5711 is divided by 29.
27
Calculate the remainder when 578 is divided by 84.
74
Calculate the remainder when 120 is divided by 14.
8
Calculate the remainder when 97 is divided by 12.
1
What is the remainder when 795 is divided by 100?
95
Calculate the remainder when 7421 is divided by 15.
11
What is the remainder when 669 is divided by 61?
59
What is the remainder when 232 is divided by 108?
16
What is the remainder when 1270 is divided by 31?
30
Calculate the remainder when 171 is divided by 59.
53
What is the remainder when 1147 is divided by 129?
115
Calculate the remainder when 20024 is divided by 89.
88
What is the remainder when 546 is divided by 55?
51
Calculate the remainder when 205 is divided by 10.
5
Calculate the remainder when 23 is divided by 3.
2
What is the remainder when 1404 is divided by 158?
140
What is the remainder when 663 is divided by 659?
4
Calculate the remainder when 127 is divided by 37.
16
What is the remainder when 378 is divided by 10?
8
Calculate the remainder when 29207 is divided by 6.
5
What is the remainder when 359 is divided by 183?
176
What is the remainder when 331 is divided by 68?
59
What is the remainder when 3399 is divided by 148?
143
Calculate the remainder when 4579 is divided by 9.
7
Calculate the remainder when 187 is divided by 98.
89
Calculate the remainder when 268 is divided by 107.
54
Calculate the remainder when 37 is divided by 8.
5
Calculate the remainder when 379 is divided by 89.
23
What is the remainder when 241 is divided by 7?
3
What is the remainder when 14 is divided by 14?
0
What is the remainder when 1148 is divided by 25?
23
What is the remainder when 11085 is divided by 258?
249
What is the remainder when 148 is divided by 39?
31
What is the remainder when 8597 is divided by 954?
11
Calculate the remainder when 45 is divided by 36.
9
What is the remainder when 59 is divided by 6?
5
What is the remainder when 299 is divided by 100?
99
What is the remainder when 135 is divided by 7?
2
What is the remainder when 422 is divided by 8?
6
What is the remainder when 78 is divided by 19?
2
What is the remainder when 167 is divided by 25?
17
What is the remainder when 303 is divided by 84?
51
Calculate the remainder when 1242 is divided by 83.
80
What is the remainder when 220 is divided by 19?
11
Calculate the remainder when 783 is divided by 112.
111
Calculate the remainder when 1539 is divided by 67.
65
What is the remainder when 3655 is divided by 122?
117
Calculate the remainder when 912 is divided by 20.
12
What is the remainder when 301 is divided by 16?
13
What is the remainder when 624 is divided by 51?
12
Calculate the remainder when 84 is divided by 10.
4
Calculate the remainder when 75 is divided by 40.
35
What is the remainder when 315 is divided by 151?
13
Calculate the remainder when 212 is divided by 43.
40
Calculate the remainder when 967 is divided by 57.
55
What is the remainder when 1659 is divided by 182?
21
Calculate the remainder when 334 is divided by 17.
11
What is the remainder when 2883 is divided by 27?
21
What is the remainder when 226 is divided by 99?
28
What is the remainder when 51 is divided by 14?
9
Calculate the remainder when 296 is divided by 33.
32
Calculate the remainder when 4410 is divided by 45.
0
Calculate the remainder when 79 is divided by 10.
9
Calculate the remainder when 111 is divided by 30.
21
What is the remainder when 9775 is divided by 13?
12
Calculate the remainder when 6205 is divided by 18.
13
What is the remainder when 726 is divided by 73?
69
What is the remainder when 573 is divided by 304?
269
Calculate the remainder when 393 is divided by 96.
9
Calculate the remainder when 629 is divided by 42.
41
What is the remainder when 5633 is divided by 7?
5
What is the remainder when 119 is divided by 32?
23
Calculate the remainder when 369 is divided by 165.
39
Calculate the remainder when 726 is divided by 49.
40
What is the remainder when 69 is divided by 37?
32
What is the remainder when 292 is divided by 49?
47
What is the remainder when 214 is divided by 64?
22
What is the remainder when 249 is divided by 26?
15
Calculate the remainder when 263 is divided by 124.
15
Calculate the remainder when 77 is divided by 26.
25